r?
False
Is 309 a composite number?
True
Is 1169323 a composite number?
False
Is 14971 prime?
False
Is 225397 prime?
False
Is 129187 a composite number?
False
Is 162413 a composite number?
False
Is 151303 composite?
False
Is 14227 composite?
True
Is 3 prime?
True
Is 9127 a composite number?
False
Is 1928162 prime?
False
Is 75305 a composite number?
True
Is 36241 composite?
False
Is 44929 composite?
True
Is 77677 a composite number?
True
Is 741623 composite?
True
Is 1717 composite?
True
Is 747445 composite?
True
Is 47989 composite?
True
Is 327163 a composite number?
False
Is 7463 a composite number?
True
Is 839011 composite?
True
Is 301061 a composite number?
True
Is 111487 prime?
True
Is 11177 a composite number?
False
Is 694687 a prime number?
False
Is 2333 prime?
True
Is 12239 composite?
False
Is 46687 a composite number?
False
Is 435529 composite?
False
Is 1801 prime?
True
Is 8311 composite?
False
Is 819817 prime?
False
Is 50683 prime?
True
Is 2153 prime?
True
Is 75793 a composite number?
False
Is 2506783 composite?
False
Is 51193 prime?
True
Is 1346 composite?
True
Is 65399 a composite number?
True
Is 688081 a prime number?
False
Is 278459 a composite number?
False
Is 1576511 composite?
False
Is 7165 a composite number?
True
Is 217033 a composite number?
False
Is 70481 a composite number?
False
Is 121622 a prime number?
False
Is 526531 composite?
False
Is 791 a prime number?
False
Is 4751 a composite number?
False
Is 4127 a composite number?
False
Is 10261 composite?
True
Is 99887 a prime number?
False
Is 31013 a composite number?
False
Is 18191 a prime number?
True
Is 194593 a prime number?
False
Is 955 a prime number?
False
Is 58119 a composite number?
True
Is 489989 prime?
True
Is 219 a prime number?
False
Is 43403 a composite number?
False
Is 12655 composite?
True
Is 158959 prime?
True
Is 33893 prime?
True
Is 7981 a composite number?
True
Is 523221 a prime number?
False
Is 8473 prime?
False
Is 23917 prime?
True
Is 18947 prime?
True
Is 69131 composite?
True
Is 3745387 a composite number?
True
Is 21139 a prime number?
True
Is 66289 composite?
True
Is 46687 prime?
True
Is 673667 composite?
False
Is 787453 composite?
True
Is 6947 prime?
True
Is 10517 a prime number?
False
Is 61001 a composite number?
False
Is 30697 prime?
True
Is 1013921 a composite number?
False
Is 52351 a prime number?
False
Is 1174 prime?
False
Is 195229 a composite number?
False
Is 82339 a composite number?
False
Is 41479 prime?
True
Is 18041 prime?
True
Is 363257 prime?
True
Is 215723 composite?
False
Is 895847 prime?
False
Is 11855 a prime number?
False
Is 446 composite?
True
Is 436253 a composite number?
False
Is 1314385 a prime number?
False
Is 1587917 a composite number?
False
Is 12622 prime?
False
Is 789791 a prime number?
False
Is 469279 prime?
True
Is 1259 prime?
True
Is 50741 a prime number?
True
Is 487261 a prime number?
True
Is 9055 prime?
False
Is 73211 composite?
True
Is 38813 composite?
True
Is 1561019 a prime number?
True
Is 84047 a composite number?
False
Is 30427 prime?
True
Is 233977 a prime number?
False
Is 1501499 prime?
True
Is 2430713 composite?
True
Is 5398 a prime number?
False
Is 135951 a composite number?
True
Is 449731 a composite number?
True
Is 8641 a prime number?
True
Is 10831 composite?
False
Is 272869 composite?
True
Is 54097 a prime number?
False
Is 14797 composite?
False
Is 107671 prime?
True
Is 279957 a composite number?
True
Is 48347 prime?
False
Is 742499 a composite number?
False
Is 24281 composite?
False
Is 436079 a composite number?
True
Is 59153 prime?
False
Is 85781 prime?
True
Is 212638 a prime number?
False
Is 1735234 prime?
False
Is 1699619 composite?
False
Is 4487 composite?
True
Is 43205 a composite number?
True
Is 26434 a composite number?
True
Is 170615 a composite number?
True
Is 413097 prime?
False
Is 59207 a prime number?
True
Is 272477 prime?
True
Is 39499 composite?
False
Is 22574 composite?
True
Is 51599 composite?
False
Is 6387 composite?
True
Is 74981 composite?
True
Is 4709 a prime number?
False
Is 128581 a prime number?
False
Is 41071 prime?
False
Is 5217935 composite?
True
Is 40673 a prime number?
False
Is 5519 a prime number?
True
Is 120749 prime?
True
Is 1985 a prime number?
False
Is 70469 prime?
False
Is 682131 composite?
True
Is 5259 a composite number?
True
Is 31991 a prime number?
True
Is 17691 a prime number?
False
Is 7243 prime?
True
Is 142021 a composite number?
True
Is 12443 composite?
True
Is 277643 composite?
False
Is 6521 a prime number?
True
Is 238885 prime?
False
Is 77921 a composite number?
True
Is 4583 a prime number?
True
Is 667 prime?
False
Is 36317 a composite number?
True
Is 929459 composite?
False
Is 3293 prime?
False
Is 16057 a composite number?
False
Is 465023 composite?
True
Is 11707 a prime number?
False
Is 587771 a composite number?
False
Is 343885 a prime number?
False
Is 1203505 prime?
False
Is 115339 prime?
False
Is 8051 a prime number?
False
Is 16361 prime?
True
Is 96335 a composite number?
True
Is 17691 composite?
True
Is 261151 a composite number?
True
Is 8633 composite?
True
Is 48041 composite?
True
Is 8369 a prime number?
True
Is 19235 a composite number?
True
Is 250583 a prime number?
True
Is 123659 prime?
False
Is 891797 prime?
True
Is 332729 composite?
False
Is 19361 prime?
False
Is 3687 composite?
True
Is 26309 prime?
True
Is 1637 composite?
False
Is 48563 prime?
True
Is 33 a prime number?
False
Is 20297 a composite number?
False
Is 8363 a prime number?
True
Is 33837 a prime number?
False
Is 12219 prime?
False
Is 11105 composite?
True
Is 60141 composite?
True
Is 398917 a composite number?
False
Is 311485 a prime number?
False
Is 730553 a prime number?
True
Is 38149 a prime number?
True
Is 1791319 prime?
True
Is 307 composite?
False
Is 7451 prime?
True
Is 56629 prime?
True
Is 6803 prime?
True
Is 3094779 composite?
True
Is 55949 a composite number?
False
Is 355489 composite?
True
Is 339323 a prime number?
True
Is 16637 a composite number?
True
Is 12559 a composite number?
True
Is 68405 a composite number?
True
Is 2986019 a prime number?
False
Is 83429 composite?
True
Is 130813 composite?
True
Is 3821 prime?
True
Is 2832419 a prime number?
True
Is 27847 a prime number?
True
Is 441629 composite?
True
Is 631 a composite number?
False
Is 136649 composite?
False
Is 106817 a composite number?
True
Is 537049 composite?
True
Is 3817 a composite number?
True
Is 44729 composite?
False
Is 1259 a composite number?
False
Is 9151 a composite number?
False
Is 6733 a prime number?
True
Is 5251 composite?
True
Is 88993 a prime number?
True
Is 319567 a composite number?
False
Is 24253 a composite number?
True
Is 72259 prime?
False
Is 16462 composite?
True
Is 256991 a prime number?
False
Is 87383 composite?
False
Is 21733 prime?
False
Is 1769 composite?
True
Is 4229 composite?
False
Is 24733 composite?
False
Is 973779 a prime number?
False
Is 38149 prime?
True
Is 91 prime?
False
Is 259151 a composite number?
False
Is 24133 prime?
True
Is 14173 a prime number?
True
Is 172729 prime?
False
Is 10555 prime?
False
Is 441229 composite?
False
Is 71471 a prime number?
True
Is 37129 composite?
True
Is 56671 a composite number?
False
Is 38273 composite?
False
Is 1386737 a prime number?
False
Is 6159 prime?
False
Is 14591 prime?
True
Is 2633 a composite number?
False
Is 644089 composite?
False
Is 47269 composite?
False
Is 7237 composite?
False
Is 8913 prime?
False
Is 8663 composite?
False
Is 381873 composite?
True
Is 966803 composite?
False
Is 87369 a prime number?
False
Is 21239 prime?
False
Is 42509 a composite number?
False
Is 34807 a prime number?
True
Is 33503 prime?
True
Is 6109 a prime number?
False
Is 590537 prime?
True
Is 4043 a composite number?
True
Is 1067 a prime number?
False
Is 106519 a prime number?
False
Is 144103 a composite number?
False
Is 470027 a composite number?
True
Is 34063 a prime number?
False
Is 14969 a composite number?
False
Is 68351 prime?
True
Is 1823 prime?
True
Is 708965 a composite number?
True
Is 5981 composite?
False
Is 21955 composite?
True
Is 149 prime?
True
Is 741929 a prime number?
True
Is 3199 a prime number?
False
Is 12689 a composite number?
False
Is 911935 prime?
False
Is 1851043 prime?
True
Is 47189 a prime number?
True
Is 56087 a prime number?
True
Is